{"id":112,"date":"2025-08-04T16:40:36","date_gmt":"2025-08-04T19:40:36","guid":{"rendered":"https:\/\/pitangailhagrande.com\/?page_id=112"},"modified":"2025-08-04T22:58:50","modified_gmt":"2025-08-05T01:58:50","slug":"bem-vindo-a-pousada-pitanga","status":"publish","type":"page","link":"https:\/\/pitangailhagrande.com\/","title":{"rendered":"Bem Vindo a Pousada Pitanga!"},"content":{"rendered":"\n<div class=\"wp-block-group alignfull is-content-justification-center is-layout-constrained wp-block-group-is-layout-constrained\" style=\"margin-top:0;margin-bottom:0\">\n<div style=\"height:var(--wp--preset--spacing--20)\" aria-hidden=\"true\" class=\"wp-block-spacer\"><\/div>\n\n\n\n<div class=\"wp-block-group alignwide is-layout-flow wp-block-group-is-layout-flow\">\n<div class=\"wp-block-columns alignwide are-vertically-aligned-top is-layout-flex wp-container-core-columns-is-layout-5c8fb865 wp-block-columns-is-layout-flex\">\n<div class=\"wp-block-column is-vertically-aligned-top is-content-justification-left is-layout-constrained wp-container-core-column-is-layout-95996b15 wp-block-column-is-layout-constrained\">\n<h3 class=\"wp-block-heading\"><strong>Encontre o ref\u00fagio perfeito para seu descanso.<\/strong><\/h3>\n<\/div>\n\n\n\n<div class=\"wp-block-column is-vertically-aligned-top is-layout-flow wp-block-column-is-layout-flow\" style=\"flex-basis:40%\">\n<p>Venha passar momentos inesquec\u00edveis na Pousada Pitanga Ilha Grande.<br>Aqui voc\u00ea encontra o melhor espa\u00e7o para seu sossego.&nbsp; Conhe\u00e7a nosso espa\u00e7o e aproveite o que a ilha tem de melhor.<br><br><\/p>\n\n\n\n<div class=\"wp-block-buttons is-layout-flex wp-block-buttons-is-layout-flex\">\n<div class=\"wp-block-button\"><a class=\"wp-block-button__link wp-element-button\" href=\"https:\/\/pitangailhagrande.com\/index.php\/a-pousada\/\">Acomoda\u00e7\u00f5es<\/a><\/div>\n<\/div>\n<\/div>\n<\/div>\n\n\n\n<div style=\"height:var(--wp--preset--spacing--20)\" aria-hidden=\"true\" class=\"wp-block-spacer\"><\/div>\n\n\n\n<figure class=\"wp-block-image size-large\"><a href=\"https:\/\/pitangailhagrande.com\/index.php\/a-pousada\/\"><img loading=\"lazy\" decoding=\"async\" width=\"1024\" height=\"576\" src=\"http:\/\/pitangailhagrande.com\/wp-content\/uploads\/2025\/08\/quarto-piso-superior-3-1024x576.jpg\" alt=\"\" class=\"wp-image-17\" style=\"aspect-ratio:16\/9;object-fit:cover\" srcset=\"https:\/\/pitangailhagrande.com\/wp-content\/uploads\/2025\/08\/quarto-piso-superior-3-1024x576.jpg 1024w, https:\/\/pitangailhagrande.com\/wp-content\/uploads\/2025\/08\/quarto-piso-superior-3-300x169.jpg 300w, https:\/\/pitangailhagrande.com\/wp-content\/uploads\/2025\/08\/quarto-piso-superior-3-768x432.jpg 768w, https:\/\/pitangailhagrande.com\/wp-content\/uploads\/2025\/08\/quarto-piso-superior-3-1536x864.jpg 1536w, https:\/\/pitangailhagrande.com\/wp-content\/uploads\/2025\/08\/quarto-piso-superior-3-2048x1152.jpg 2048w\" sizes=\"auto, (max-width: 1024px) 100vw, 1024px\" \/><\/a><\/figure>\n<\/div>\n\n\n\n<p class=\"has-small-font-size\"><em>Conforto, sossego, liberdade e muita beleza natural \u00e9 o que voc\u00ea vai<br>encontrar, n\u00e3o s\u00f3 na pousada, mas tamb\u00e9m na Vila do Abra\u00e3o e em toda Ilha Grande. Tarifas especiais para sua fam\u00edlia.&nbsp;Venha pra ilha e hospede-se ouvindo o canto dos p\u00e1ssaros.<\/em><\/p>\n\n\n\n<div style=\"height:var(--wp--preset--spacing--20)\" aria-hidden=\"true\" class=\"wp-block-spacer\"><\/div>\n<\/div>\n\n\n\n<div class=\"wp-block-group is-vertical is-nowrap is-layout-flex wp-container-core-group-is-layout-36fd9ea3 wp-block-group-is-layout-flex\" style=\"padding-right:0;padding-left:0\">\n<h6 class=\"wp-block-heading has-text-color\" id=\"ecosystem\" style=\"color:#000000;font-size:16px\"><a href=\"https:\/\/pitangailhagrande.com\/index.php\/a-pousada\/\">Pousada Pitanga Ilha Grande<\/a><\/h6>\n\n\n\n<p class=\"has-text-color\" style=\"color:#000000;font-size:6vw;font-style:normal;font-weight:700;letter-spacing:0px;line-height:0.9;text-decoration:none;text-transform:none\"><br>Nosso espa\u00e7o \u00e9 pra voc\u00ea<\/p>\n<\/div>\n\n\n\n<div class=\"wp-block-group alignfull has-background is-layout-flow wp-block-group-is-layout-flow\" style=\"background-color:#f5eac1;padding-top:6vw;padding-right:6vw;padding-bottom:6vw;padding-left:6vw\">\n<div style=\"height:1vw\" aria-hidden=\"true\" class=\"wp-block-spacer\"><\/div>\n\n\n\n<div class=\"wp-block-group alignwide is-vertical is-nowrap is-layout-flex wp-container-core-group-is-layout-7946b6b8 wp-block-group-is-layout-flex\" style=\"padding-top:0;padding-right:0;padding-bottom:0;padding-left:0\">\n<div class=\"wp-block-columns alignwide is-layout-flex wp-container-core-columns-is-layout-21b20327 wp-block-columns-is-layout-flex\">\n<div class=\"wp-block-column is-layout-flow wp-block-column-is-layout-flow\" style=\"flex-basis:33.38%\">\n<p class=\"has-text-color\" style=\"color:#000000;font-size:17px\"><br>Nossas su\u00edtes s\u00e3o equipadas com ar condicionado, TV,&nbsp; frigobar, ventilador de teto, chuveiro quente&nbsp; e jardins, com muita natureza ao redor.<\/p>\n\n\n\n<p class=\"has-text-color\" style=\"color:#000000;font-size:17px\">Nosso espa\u00e7o \u00e9 cercado de varanda com decora\u00e7\u00e3o r\u00fastica para que voc\u00ea desfrute de tranquilidade, do<br>burburinho das \u00e1guas do riacho e do visual da mata, podendo aproveitar melhor todos os encantos que a Ilha oferece.<\/p>\n\n\n\n<p class=\"has-text-color\" style=\"color:#000000;font-size:17px\"><\/p>\n<\/div>\n\n\n\n<div class=\"wp-block-column is-layout-flow wp-block-column-is-layout-flow\" style=\"flex-basis:33%\">\n<div style=\"height:2vw\" aria-hidden=\"true\" class=\"wp-block-spacer\"><\/div>\n\n\n\n<figure class=\"wp-block-image size-full\"><a href=\"https:\/\/pitangailhagrande.com\/index.php\/a-pousada\/\"><img loading=\"lazy\" decoding=\"async\" width=\"768\" height=\"1024\" src=\"http:\/\/pitangailhagrande.com\/wp-content\/uploads\/2025\/08\/WhatsApp-Image-2023-06-17-at-18.08.00-768x1024-1.jpeg\" alt=\"\" class=\"wp-image-43\" srcset=\"https:\/\/pitangailhagrande.com\/wp-content\/uploads\/2025\/08\/WhatsApp-Image-2023-06-17-at-18.08.00-768x1024-1.jpeg 768w, https:\/\/pitangailhagrande.com\/wp-content\/uploads\/2025\/08\/WhatsApp-Image-2023-06-17-at-18.08.00-768x1024-1-225x300.jpeg 225w\" sizes=\"auto, (max-width: 768px) 100vw, 768px\" \/><\/a><\/figure>\n<\/div>\n\n\n\n<div class=\"wp-block-column is-layout-flow wp-block-column-is-layout-flow\" style=\"flex-basis:33.62%\">\n<figure class=\"wp-block-image size-large\"><a href=\"https:\/\/pitangailhagrande.com\/index.php\/a-pousada\/\"><img loading=\"lazy\" decoding=\"async\" width=\"576\" height=\"1024\" src=\"http:\/\/pitangailhagrande.com\/wp-content\/uploads\/2025\/08\/quarto-duplo-standard-576x1024.jpg\" alt=\"\" class=\"wp-image-59\" srcset=\"https:\/\/pitangailhagrande.com\/wp-content\/uploads\/2025\/08\/quarto-duplo-standard-576x1024.jpg 576w, https:\/\/pitangailhagrande.com\/wp-content\/uploads\/2025\/08\/quarto-duplo-standard-169x300.jpg 169w, https:\/\/pitangailhagrande.com\/wp-content\/uploads\/2025\/08\/quarto-duplo-standard-768x1365.jpg 768w, https:\/\/pitangailhagrande.com\/wp-content\/uploads\/2025\/08\/quarto-duplo-standard-864x1536.jpg 864w, https:\/\/pitangailhagrande.com\/wp-content\/uploads\/2025\/08\/quarto-duplo-standard-1152x2048.jpg 1152w, https:\/\/pitangailhagrande.com\/wp-content\/uploads\/2025\/08\/quarto-duplo-standard-scaled.jpg 1440w\" sizes=\"auto, (max-width: 576px) 100vw, 576px\" \/><\/a><\/figure>\n<\/div>\n<\/div>\n\n\n\n<div class=\"wp-block-columns alignwide is-layout-flex wp-container-core-columns-is-layout-c24efe4f wp-block-columns-is-layout-flex\">\n<div class=\"wp-block-column is-layout-flow wp-block-column-is-layout-flow\" style=\"flex-basis:69%\">\n<figure class=\"wp-block-image size-full\"><a href=\"https:\/\/pitangailhagrande.com\/index.php\/a-pousada\/\"><img loading=\"lazy\" decoding=\"async\" width=\"1024\" height=\"600\" src=\"http:\/\/pitangailhagrande.com\/wp-content\/uploads\/2025\/08\/pitanga-1024x600-1.png\" alt=\"\" class=\"wp-image-31\" srcset=\"https:\/\/pitangailhagrande.com\/wp-content\/uploads\/2025\/08\/pitanga-1024x600-1.png 1024w, https:\/\/pitangailhagrande.com\/wp-content\/uploads\/2025\/08\/pitanga-1024x600-1-300x176.png 300w, https:\/\/pitangailhagrande.com\/wp-content\/uploads\/2025\/08\/pitanga-1024x600-1-768x450.png 768w\" sizes=\"auto, (max-width: 1024px) 100vw, 1024px\" \/><\/a><\/figure>\n<\/div>\n\n\n\n<div class=\"wp-block-column is-vertically-aligned-center is-layout-flow wp-block-column-is-layout-flow\" style=\"flex-basis:33%\">\n<p class=\"has-text-color\" style=\"color:#000000;font-size:17px\">Pensando em sua comodidade, mesmo em caso de falta de energia da rede p\u00fablica, a Pousada Pitanga disp\u00f5e de <strong>sistema de energia solar<\/strong>, garantindo ilumina\u00e7\u00e3o interna e externa, <strong>pontos para carregamento de celular<\/strong> e conex\u00e3o Wi-Fi.<br><\/p>\n<\/div>\n<\/div>\n<\/div>\n\n\n\n<p>Al\u00e9m disso, nossos chuveiros s\u00e3o abastecidos por <strong>aquecimento solar (boiler)<\/strong>, proporcionando banhos quentinhos com sustentabilidade.<\/p>\n<\/div>\n\n\n\n<div style=\"height:100px\" aria-hidden=\"true\" class=\"wp-block-spacer\"><\/div>\n\n\n\n<div class=\"wp-block-columns alignfull is-layout-flex wp-container-core-columns-is-layout-28f84493 wp-block-columns-is-layout-flex\">\n<div class=\"wp-block-column is-layout-flow wp-block-column-is-layout-flow\" style=\"flex-basis:50%\">\n<div class=\"wp-block-cover is-light\" style=\"min-height:600px;aspect-ratio:unset;\"><span aria-hidden=\"true\" class=\"wp-block-cover__background has-background-dim-100 has-background-dim\" style=\"background-color:#f6f6f6\"><\/span><div class=\"wp-block-cover__inner-container is-layout-flow wp-block-cover-is-layout-flow\">\n<figure class=\"wp-block-image aligncenter size-medium\"><a href=\"https:\/\/pitangailhagrande.com\/index.php\/a-ilha\/\"><img loading=\"lazy\" decoding=\"async\" width=\"300\" height=\"169\" src=\"http:\/\/pitangailhagrande.com\/wp-content\/uploads\/2025\/08\/ilha-grande-casass-300x169.jpg\" alt=\"\" class=\"wp-image-99\" srcset=\"https:\/\/pitangailhagrande.com\/wp-content\/uploads\/2025\/08\/ilha-grande-casass-300x169.jpg 300w, https:\/\/pitangailhagrande.com\/wp-content\/uploads\/2025\/08\/ilha-grande-casass-1024x576.jpg 1024w, https:\/\/pitangailhagrande.com\/wp-content\/uploads\/2025\/08\/ilha-grande-casass-768x432.jpg 768w, https:\/\/pitangailhagrande.com\/wp-content\/uploads\/2025\/08\/ilha-grande-casass.jpg 1280w\" sizes=\"auto, (max-width: 300px) 100vw, 300px\" \/><\/a><\/figure>\n\n\n\n<figure class=\"wp-block-image size-large\"><a href=\"https:\/\/pitangailhagrande.com\/index.php\/a-ilha\/\"><img loading=\"lazy\" decoding=\"async\" width=\"1024\" height=\"596\" src=\"https:\/\/pitangailhagrande.com\/wp-content\/uploads\/2025\/08\/mapa-ilha-grandea-1024x596.png\" alt=\"\" class=\"wp-image-131\" srcset=\"https:\/\/pitangailhagrande.com\/wp-content\/uploads\/2025\/08\/mapa-ilha-grandea-1024x596.png 1024w, https:\/\/pitangailhagrande.com\/wp-content\/uploads\/2025\/08\/mapa-ilha-grandea-300x175.png 300w, https:\/\/pitangailhagrande.com\/wp-content\/uploads\/2025\/08\/mapa-ilha-grandea-768x447.png 768w, https:\/\/pitangailhagrande.com\/wp-content\/uploads\/2025\/08\/mapa-ilha-grandea-1536x894.png 1536w, https:\/\/pitangailhagrande.com\/wp-content\/uploads\/2025\/08\/mapa-ilha-grandea-2048x1192.png 2048w\" sizes=\"auto, (max-width: 1024px) 100vw, 1024px\" \/><\/a><\/figure>\n<\/div><\/div>\n<\/div>\n\n\n\n<div class=\"wp-block-column is-vertically-aligned-center is-layout-flow wp-block-column-is-layout-flow\" style=\"padding-top:1em;padding-right:1em;padding-bottom:1em;padding-left:1em\">\n<div class=\"wp-block-columns is-layout-flex wp-container-core-columns-is-layout-28f84493 wp-block-columns-is-layout-flex\">\n<div class=\"wp-block-column is-layout-flow wp-block-column-is-layout-flow\" style=\"flex-basis:320px\">\n<p class=\"has-small-font-size\" style=\"line-height:1.6\"><strong>O que fazer na Ilha Grande?<\/strong><\/p>\n\n\n\n<p class=\"has-small-font-size\" style=\"line-height:1.6\">A Ilha Grande \u00e9 a maior das ilhas do litoral de Angra dos Reis.&nbsp;\u00c9 uma<br>ilha de 193 km\u00b2 com relevo acidentado e montanhoso, cujas maiores<br>eleva\u00e7\u00f5es s\u00e3o o Pico da Pedra D\u2019\u00c1gua (1 031 metros) e o Pico do<br>Papagaio (982 metros), que tem esse nome devido \u00e0 sua forma pitoresca.&nbsp;A costa da ilha \u00e9 recortada por in\u00fameras pen\u00ednsulas e enseadas (sacos), formando mais de 100 praias paradis\u00edacas.<\/p>\n\n\n\n<p class=\"has-small-font-size\" style=\"line-height:1.6\"><\/p>\n<\/div>\n<\/div>\n<\/div>\n<\/div>\n\n\n\n<div class=\"wp-block-buttons is-layout-flex wp-block-buttons-is-layout-flex\">\n<div class=\"wp-block-button\"><a class=\"wp-block-button__link wp-element-button\" href=\"https:\/\/pitangailhagrande.com\/index.php\/a-ilha\/\">A Ilha Grande<\/a><\/div>\n<\/div>\n\n\n\n<p><\/p>\n","protected":false},"excerpt":{"rendered":"<p>Encontre o ref\u00fagio perfeito para seu descanso. Venha passar momentos inesquec\u00edveis na Pousada Pitanga Ilha Grande.Aqui voc\u00ea encontra o melhor espa\u00e7o para seu sossego.&nbsp; Conhe\u00e7a nosso espa\u00e7o e aproveite o que a ilha tem de melhor. Conforto, sossego, liberdade e muita beleza natural \u00e9 o que voc\u00ea vaiencontrar, n\u00e3o s\u00f3 na pousada, mas tamb\u00e9m na [&hellip;]<\/p>\n","protected":false},"author":1,"featured_media":0,"parent":0,"menu_order":0,"comment_status":"closed","ping_status":"closed","template":"","meta":{"footnotes":""},"class_list":["post-112","page","type-page","status-publish","hentry"],"yoast_head":"<!-- This site is optimized with the Yoast SEO plugin v25.6 - https:\/\/yoast.com\/wordpress\/plugins\/seo\/ -->\n<title>Bem Vindo a Pousada Pitanga! - Pitanga Ilha Grande<\/title>\n<meta name=\"robots\" content=\"index, follow, max-snippet:-1, max-image-preview:large, max-video-preview:-1\" \/>\n<link rel=\"canonical\" href=\"https:\/\/pitangailhagrande.com\/\" \/>\n<meta property=\"og:locale\" content=\"en_US\" \/>\n<meta property=\"og:type\" content=\"article\" \/>\n<meta property=\"og:title\" content=\"Bem Vindo a Pousada Pitanga! - Pitanga Ilha Grande\" \/>\n<meta property=\"og:description\" content=\"Encontre o ref\u00fagio perfeito para seu descanso. Venha passar momentos inesquec\u00edveis na Pousada Pitanga Ilha Grande.Aqui voc\u00ea encontra o melhor espa\u00e7o para seu sossego.&nbsp; Conhe\u00e7a nosso espa\u00e7o e aproveite o que a ilha tem de melhor. Conforto, sossego, liberdade e muita beleza natural \u00e9 o que voc\u00ea vaiencontrar, n\u00e3o s\u00f3 na pousada, mas tamb\u00e9m na [&hellip;]\" \/>\n<meta property=\"og:url\" content=\"https:\/\/pitangailhagrande.com\/\" \/>\n<meta property=\"og:site_name\" content=\"Pitanga Ilha Grande\" \/>\n<meta property=\"article:modified_time\" content=\"2025-08-05T01:58:50+00:00\" \/>\n<meta property=\"og:image\" content=\"http:\/\/pitangailhagrande.com\/wp-content\/uploads\/2025\/08\/quarto-piso-superior-3-1024x576.jpg\" \/>\n<meta name=\"twitter:card\" content=\"summary_large_image\" \/>\n<meta name=\"twitter:label1\" content=\"Est. reading time\" \/>\n\t<meta name=\"twitter:data1\" content=\"4 minutes\" \/>\n<script type=\"application\/ld+json\" class=\"yoast-schema-graph\">{\"@context\":\"https:\/\/schema.org\",\"@graph\":[{\"@type\":\"WebPage\",\"@id\":\"https:\/\/pitangailhagrande.com\/\",\"url\":\"https:\/\/pitangailhagrande.com\/\",\"name\":\"Bem Vindo a Pousada Pitanga! - Pitanga Ilha Grande\",\"isPartOf\":{\"@id\":\"https:\/\/pitangailhagrande.com\/#website\"},\"primaryImageOfPage\":{\"@id\":\"https:\/\/pitangailhagrande.com\/#primaryimage\"},\"image\":{\"@id\":\"https:\/\/pitangailhagrande.com\/#primaryimage\"},\"thumbnailUrl\":\"http:\/\/pitangailhagrande.com\/wp-content\/uploads\/2025\/08\/quarto-piso-superior-3-1024x576.jpg\",\"datePublished\":\"2025-08-04T19:40:36+00:00\",\"dateModified\":\"2025-08-05T01:58:50+00:00\",\"breadcrumb\":{\"@id\":\"https:\/\/pitangailhagrande.com\/#breadcrumb\"},\"inLanguage\":\"en-US\",\"potentialAction\":[{\"@type\":\"ReadAction\",\"target\":[\"https:\/\/pitangailhagrande.com\/\"]}]},{\"@type\":\"ImageObject\",\"inLanguage\":\"en-US\",\"@id\":\"https:\/\/pitangailhagrande.com\/#primaryimage\",\"url\":\"https:\/\/pitangailhagrande.com\/wp-content\/uploads\/2025\/08\/quarto-piso-superior-3-scaled.jpg\",\"contentUrl\":\"https:\/\/pitangailhagrande.com\/wp-content\/uploads\/2025\/08\/quarto-piso-superior-3-scaled.jpg\",\"width\":2560,\"height\":1440},{\"@type\":\"BreadcrumbList\",\"@id\":\"https:\/\/pitangailhagrande.com\/#breadcrumb\",\"itemListElement\":[{\"@type\":\"ListItem\",\"position\":1,\"name\":\"In\u00edcio\",\"item\":\"https:\/\/pitangailhagrande.com\/\"},{\"@type\":\"ListItem\",\"position\":2,\"name\":\"Bem Vindo a Pousada Pitanga!\"}]},{\"@type\":\"WebSite\",\"@id\":\"https:\/\/pitangailhagrande.com\/#website\",\"url\":\"https:\/\/pitangailhagrande.com\/\",\"name\":\"Pitanga Ilha Grande\",\"description\":\"Mais do que hospedagem, uma experi\u00eancia acolhedora.\",\"publisher\":{\"@id\":\"https:\/\/pitangailhagrande.com\/#organization\"},\"potentialAction\":[{\"@type\":\"SearchAction\",\"target\":{\"@type\":\"EntryPoint\",\"urlTemplate\":\"https:\/\/pitangailhagrande.com\/?s={search_term_string}\"},\"query-input\":{\"@type\":\"PropertyValueSpecification\",\"valueRequired\":true,\"valueName\":\"search_term_string\"}}],\"inLanguage\":\"en-US\"},{\"@type\":\"Organization\",\"@id\":\"https:\/\/pitangailhagrande.com\/#organization\",\"name\":\"Pitanga Ilha Grande\",\"url\":\"https:\/\/pitangailhagrande.com\/\",\"logo\":{\"@type\":\"ImageObject\",\"inLanguage\":\"en-US\",\"@id\":\"https:\/\/pitangailhagrande.com\/#\/schema\/logo\/image\/\",\"url\":\"http:\/\/pitangailhagrande.com\/wp-content\/uploads\/2025\/08\/cropped-logo-pousada-pitanga.jpg\",\"contentUrl\":\"http:\/\/pitangailhagrande.com\/wp-content\/uploads\/2025\/08\/cropped-logo-pousada-pitanga.jpg\",\"width\":512,\"height\":512,\"caption\":\"Pitanga Ilha Grande\"},\"image\":{\"@id\":\"https:\/\/pitangailhagrande.com\/#\/schema\/logo\/image\/\"}}]}<\/script>\n<!-- \/ Yoast SEO plugin. -->","yoast_head_json":{"title":"Bem Vindo a Pousada Pitanga! - Pitanga Ilha Grande","robots":{"index":"index","follow":"follow","max-snippet":"max-snippet:-1","max-image-preview":"max-image-preview:large","max-video-preview":"max-video-preview:-1"},"canonical":"https:\/\/pitangailhagrande.com\/","og_locale":"en_US","og_type":"article","og_title":"Bem Vindo a Pousada Pitanga! - Pitanga Ilha Grande","og_description":"Encontre o ref\u00fagio perfeito para seu descanso. Venha passar momentos inesquec\u00edveis na Pousada Pitanga Ilha Grande.Aqui voc\u00ea encontra o melhor espa\u00e7o para seu sossego.&nbsp; Conhe\u00e7a nosso espa\u00e7o e aproveite o que a ilha tem de melhor. Conforto, sossego, liberdade e muita beleza natural \u00e9 o que voc\u00ea vaiencontrar, n\u00e3o s\u00f3 na pousada, mas tamb\u00e9m na [&hellip;]","og_url":"https:\/\/pitangailhagrande.com\/","og_site_name":"Pitanga Ilha Grande","article_modified_time":"2025-08-05T01:58:50+00:00","og_image":[{"url":"http:\/\/pitangailhagrande.com\/wp-content\/uploads\/2025\/08\/quarto-piso-superior-3-1024x576.jpg","type":"","width":"","height":""}],"twitter_card":"summary_large_image","twitter_misc":{"Est. reading time":"4 minutes"},"schema":{"@context":"https:\/\/schema.org","@graph":[{"@type":"WebPage","@id":"https:\/\/pitangailhagrande.com\/","url":"https:\/\/pitangailhagrande.com\/","name":"Bem Vindo a Pousada Pitanga! - Pitanga Ilha Grande","isPartOf":{"@id":"https:\/\/pitangailhagrande.com\/#website"},"primaryImageOfPage":{"@id":"https:\/\/pitangailhagrande.com\/#primaryimage"},"image":{"@id":"https:\/\/pitangailhagrande.com\/#primaryimage"},"thumbnailUrl":"http:\/\/pitangailhagrande.com\/wp-content\/uploads\/2025\/08\/quarto-piso-superior-3-1024x576.jpg","datePublished":"2025-08-04T19:40:36+00:00","dateModified":"2025-08-05T01:58:50+00:00","breadcrumb":{"@id":"https:\/\/pitangailhagrande.com\/#breadcrumb"},"inLanguage":"en-US","potentialAction":[{"@type":"ReadAction","target":["https:\/\/pitangailhagrande.com\/"]}]},{"@type":"ImageObject","inLanguage":"en-US","@id":"https:\/\/pitangailhagrande.com\/#primaryimage","url":"https:\/\/pitangailhagrande.com\/wp-content\/uploads\/2025\/08\/quarto-piso-superior-3-scaled.jpg","contentUrl":"https:\/\/pitangailhagrande.com\/wp-content\/uploads\/2025\/08\/quarto-piso-superior-3-scaled.jpg","width":2560,"height":1440},{"@type":"BreadcrumbList","@id":"https:\/\/pitangailhagrande.com\/#breadcrumb","itemListElement":[{"@type":"ListItem","position":1,"name":"In\u00edcio","item":"https:\/\/pitangailhagrande.com\/"},{"@type":"ListItem","position":2,"name":"Bem Vindo a Pousada Pitanga!"}]},{"@type":"WebSite","@id":"https:\/\/pitangailhagrande.com\/#website","url":"https:\/\/pitangailhagrande.com\/","name":"Pitanga Ilha Grande","description":"Mais do que hospedagem, uma experi\u00eancia acolhedora.","publisher":{"@id":"https:\/\/pitangailhagrande.com\/#organization"},"potentialAction":[{"@type":"SearchAction","target":{"@type":"EntryPoint","urlTemplate":"https:\/\/pitangailhagrande.com\/?s={search_term_string}"},"query-input":{"@type":"PropertyValueSpecification","valueRequired":true,"valueName":"search_term_string"}}],"inLanguage":"en-US"},{"@type":"Organization","@id":"https:\/\/pitangailhagrande.com\/#organization","name":"Pitanga Ilha Grande","url":"https:\/\/pitangailhagrande.com\/","logo":{"@type":"ImageObject","inLanguage":"en-US","@id":"https:\/\/pitangailhagrande.com\/#\/schema\/logo\/image\/","url":"http:\/\/pitangailhagrande.com\/wp-content\/uploads\/2025\/08\/cropped-logo-pousada-pitanga.jpg","contentUrl":"http:\/\/pitangailhagrande.com\/wp-content\/uploads\/2025\/08\/cropped-logo-pousada-pitanga.jpg","width":512,"height":512,"caption":"Pitanga Ilha Grande"},"image":{"@id":"https:\/\/pitangailhagrande.com\/#\/schema\/logo\/image\/"}}]}},"_links":{"self":[{"href":"https:\/\/pitangailhagrande.com\/index.php\/wp-json\/wp\/v2\/pages\/112","targetHints":{"allow":["GET"]}}],"collection":[{"href":"https:\/\/pitangailhagrande.com\/index.php\/wp-json\/wp\/v2\/pages"}],"about":[{"href":"https:\/\/pitangailhagrande.com\/index.php\/wp-json\/wp\/v2\/types\/page"}],"author":[{"embeddable":true,"href":"https:\/\/pitangailhagrande.com\/index.php\/wp-json\/wp\/v2\/users\/1"}],"replies":[{"embeddable":true,"href":"https:\/\/pitangailhagrande.com\/index.php\/wp-json\/wp\/v2\/comments?post=112"}],"version-history":[{"count":12,"href":"https:\/\/pitangailhagrande.com\/index.php\/wp-json\/wp\/v2\/pages\/112\/revisions"}],"predecessor-version":[{"id":136,"href":"https:\/\/pitangailhagrande.com\/index.php\/wp-json\/wp\/v2\/pages\/112\/revisions\/136"}],"wp:attachment":[{"href":"https:\/\/pitangailhagrande.com\/index.php\/wp-json\/wp\/v2\/media?parent=112"}],"curies":[{"name":"wp","href":"https:\/\/api.w.org\/{rel}","templated":true}]}}